9196991 is divided by 3922?
3823
What is the remainder when 35246038 is divided by 215?
13
What is the remainder when 645830 is divided by 3002?
400
Calculate the remainder when 15931724 is divided by 1294.
1290
Calculate the remainder when 138034475 is divided by 4647.
4634
Calculate the remainder when 1357646 is divided by 3202.
3200
Calculate the remainder when 147755 is divided by 4481.
4363
Calculate the remainder when 13811603 is divided by 6905776.
51
Calculate the remainder when 194690 is divided by 31260.
7130
Calculate the remainder when 170663 is divided by 113.
33
What is the remainder when 827818 is divided by 2815?
208
What is the remainder when 388757 is divided by 193353?
2051
Calculate the remainder when 96733 is divided by 32114.
391
What is the remainder when 159102 is divided by 9679?
4238
Calculate the remainder when 165762 is divided by 2256.
1074
Calculate the remainder when 172478 is divided by 5552.
366
What is the remainder when 82349602 is divided by 2547?
2545
What is the remainder when 3009543 is divided by 94046?
71
What is the remainder when 3992 is divided by 3735?
257
Calculate the remainder when 984016 is divided by 7883.
6524
What is the remainder when 22171 is divided by 3690?
31
What is the remainder when 363733 is divided by 90815?
473
What is the remainder when 179820 is divided by 177214?
2606
Calculate the remainder when 14065914 is divided by 2640.
2634
Calculate the remainder when 9465609 is divided by 2699.
216
What is the remainder when 16123535 is divided by 16743?
26
Calculate the remainder when 36518 is divided by 7248.
278
What is the remainder when 100124759 is divided by 972?
11
What is the remainder when 218648 is divided by 1090?
648
What is the remainder when 5703645 is divided by 162961?
10
What is the remainder when 3292495 is divided by 1500?
1495
Calculate the remainder when 8947372 is divided by 5871.
5839
Calculate the remainder when 8897399 is divided by 94.
17
What is the remainder when 1557574 is divided by 1557260?
314
What is the remainder when 1917081 is divided by 59903?
185
What is the remainder when 13461311 is divided by 3491?
15
What is the remainder when 78965744 is divided by 19741436?
0
What is the remainder when 3284088 is divided by 21?
3
What is the remainder when 252291 is divided by 2551?
2293
Calculate the remainder when 2375186 is divided by 1589.
1220
Calculate the remainder when 137531 is divided by 55.
31
What is the remainder when 2567285 is divided by 166?
95
What is the remainder when 6889700 is divided by 186205?
115
Calculate the remainder when 1040166 is divided by 74272.
358
What is the remainder when 984368 is divided by 993?
305
What is the remainder when 11474 is divided by 2831?
150
Calculate the remainder when 15516716 is divided by 1939589.
4
What is the remainder when 2069235 is divided by 23514?
3
What is the remainder when 17437 is divided by 5174?
1915
What is the remainder when 67169 is divided by 5138?
375
Calculate the remainder when 60803167 is divided by 15200789.
11
What is the remainder when 73259 is divided by 24300?
359
Calculate the remainder when 8583 is divided by 1703.
68
What is the remainder when 43131400 is divided by 458?
166
Calculate the remainder when 18286408 is divided by 55.
8
Calculate the remainder when 1223572043 is divided by 1171.
1169
What is the remainder when 5700159 is divided by 1805?
1774
Calculate the remainder when 123278364 is divided by 2.
0
What is the remainder when 32343562 is divided by 109?
101
What is the remainder when 601037 is divided by 31633?
10
What is the remainder when 515012 is divided by 22?
14
Calculate the remainder when 3765331 is divided by 12148.
11599
What is the remainder when 235201 is divided by 33565?
246
What is the remainder when 3444280 is divided by 534?
514
What is the remainder when 2273230 is divided by 19596?
94
Calculate the remainder when 1104075 is divided by 2944.
75
What is the remainder when 25369910 is divided by 4140?
4130
What is the remainder when 1308866 is divided by 6925?
41
What is the remainder when 2868105 is divided by 1375?
1230
Calculate the remainder when 25563338 is divided by 3195413.
34
Calculate the remainder when 10848925 is divided by 3255.
10
Calculate the remainder when 43614 is divided by 869.
164
Calculate the remainder when 16324687 is divided by 2394.
1
What is the remainder when 13234703 is divided by 3726?
3677
Calculate the remainder when 20858962 is divided by 21.
19
Calculate the remainder when 1309377 is divided by 1204.
629
Calculate the remainder when 147555052 is divided by 4616.
4612
What is the remainder when 2729799 is divided by 389970?
9
Calculate the remainder when 54190452 is divided by 3385.
3372
What is the remainder when 67473122 is divided by 22491040?
2
What is the remainder when 2175185 is divided by 60398?
857
Calculate the remainder when 49687500 is divided by 22172.
48
Calculate the remainder when 724143864 is divided by 95.
94
What is the remainder when 25487149 is divided by 325?
324
Calculate the remainder when 173873413 is divided by 57957802.
7
What is the remainder when 522223 is divided by 167?
14
Calculate the remainder when 981551 is divided by 3775.
51
What is the remainder when 13369 is divided by 3907?
1648
Calculate the remainder when 937718 is divided by 9.
8
What is the remainder when 19773142 is divided by 941578?
4
What is the remainder when 45545215 is divided by 1424?
1423
What is the remainder when 89203 is divided by 17831?
48
What is the remainder when 2895980 is divided by 965310?
50
Calculate the remainder when 623956 is divided by 38.
34
What is the remainder when 2720692 is divided by 99?
73
What is the remainder when 3388793 is divided by 1157?
1097
Calculate the remainder when 4649688 is divided by 706.
678
What is the remainder when 963641 is divided by 2011?
372
Calculate the remainder when 141477 is divided by 2807.
1127
Calculate the remainder when 3034767 is divided by 818.
805
Calculate the remainder when 22911259 is divided by 693.
679
Calculate the remainder when 6812947 is divided by 445.
442
What is the remainder when 412651 is divided by 59?
5
Calculate the remainder when 3324885 is divided by 27.
24
What is the remainder when 2108956 is divided by 956?
20
What is the remainder when 87887167 is divided by 3871?
3854
What is the remainder when 291660 is divided by 58315?
85
Calculate the remainder when 56591 is divided by 2600.
1991
What is the remainder when 614169 is divided by 334?
277
What is the remainder when 133883520 is divided by 14?
8
What is the remainder when 13542855 is divided by 2099?
107
What is the remainder when 11775634 is divided by 471025?
9
What is the remainder when 81858 is divided by 651?
483
What is the remainder when 306282507 is divided by 14?
13
Calculate the remainder when 416755 is divided by 4046.
17
What is the remainder when 192139 is divided by 96060?
19
Calculate the remainder when 260262 is divided by 130077.
108
Calculate the remainder when 322142 is divided by 2120.
2022
Calculate the remainder when 3678209 is divided by 31.
28
Calculate the remainder when 8247509 is divided by 1412.
17
What is the remainder when 157849 is divided by 41?
40
What is the remainder when 549509 is divided by 10172?
221
What is the remainder when 970628 is divided by 161744?
164
Calculate the remainder when 195149 is divided by 195139.
10
Calculate the remainder when 100451065 is divided by 11679.
11665
What is the remainder when 22775 is divided by 393?
374
What is the remainder when 1111565 is divided by 13231?
161
Calculate the remainder when 66347 is divided by 129.
41
What is the remainder when 218621 is divided by 865?
641
Calculate the remainder when 35451 is divided by 12477.
10497
What is the remainder when 82953635 is divided by 47?
45
What is the remainder when 20056811 is divided by 7?
5
Calculate the remainder when 15897 is divided by 1326.
1311
What is the remainder when 544464916 is divided by 181488304?
4
Calculate the remainder when 48784960 is divided by 1093.
1091
What is the remainder when 68356584 is divided by 425?
9
Calculate the remainder when 25552 is divided by 2317.
65
What is the remainder when 1787986 is divided by 15684?
10
Calcu